 thousands digit of 26868?
6
What is the hundreds digit of 96664?
6
What is the units digit of 18101?
1
What is the hundreds digit of 1511?
5
What is the hundreds digit of 750?
7
What is the units digit of 3348?
8
What is the units digit of 4511?
1
What is the hundreds digit of 995?
9
What is the thousands digit of 4656?
4
What is the tens digit of 4228?
2
What is the tens digit of 721?
2
What is the thousands digit of 1349?
1
What is the units digit of 2461?
1
What is the thousands digit of 5191?
5
What is the thousands digit of 38629?
8
What is the tens digit of 2543?
4
What is the hundreds digit of 1108?
1
What is the hundreds digit of 20889?
8
What is the hundreds digit of 905?
9
What is the thousands digit of 18767?
8
What is the tens digit of 1526?
2
What is the hundreds digit of 808?
8
What is the thousands digit of 1470?
1
What is the units digit of 177?
7
What is the thousands digit of 33255?
3
What is the tens digit of 969?
6
What is the units digit of 10089?
9
What is the hundreds digit of 6491?
4
What is the hundreds digit of 6998?
9
What is the thousands digit of 10340?
0
What is the tens digit of 44184?
8
What is the units digit of 496?
6
What is the ten thousands digit of 15814?
1
What is the hundreds digit of 365?
3
What is the tens digit of 1397?
9
What is the hundreds digit of 1435?
4
What is the units digit of 4752?
2
What is the units digit of 2497?
7
What is the units digit of 4583?
3
What is the hundreds digit of 2610?
6
What is the hundreds digit of 105290?
2
What is the thousands digit of 8515?
8
What is the ten thousands digit of 27146?
2
What is the hundreds digit of 1516?
5
What is the ten thousands digit of 12883?
1
What is the tens digit of 677?
7
What is the units digit of 92?
2
What is the units digit of 244?
4
What is the ten thousands digit of 166894?
6
What is the thousands digit of 63517?
3
What is the tens digit of 709?
0
What is the tens digit of 559?
5
What is the thousands digit of 4916?
4
What is the thousands digit of 7199?
7
What is the ten thousands digit of 56433?
5
What is the hundreds digit of 910?
9
What is the units digit of 848?
8
What is the units digit of 4391?
1
What is the tens digit of 2103?
0
What is the thousands digit of 2405?
2
What is the thousands digit of 26858?
6
What is the units digit of 7019?
9
What is the units digit of 9760?
0
What is the tens digit of 914?
1
What is the tens digit of 1844?
4
What is the hundreds digit of 1623?
6
What is the thousands digit of 11953?
1
What is the units digit of 1042?
2
What is the thousands digit of 9920?
9
What is the units digit of 51585?
5
What is the tens digit of 295?
9
What is the hundreds digit of 4448?
4
What is the tens digit of 20041?
4
What is the ten thousands digit of 163590?
6
What is the thousands digit of 5231?
5
What is the ten thousands digit of 29913?
2
What is the thousands digit of 35083?
5
What is the ten thousands digit of 40124?
4
What is the units digit of 141982?
2
What is the tens digit of 46688?
8
What is the hundreds digit of 29255?
2
What is the units digit of 920?
0
What is the thousands digit of 4878?
4
What is the thousands digit of 2944?
2
What is the thousands digit of 1349?
1
What is the ten thousands digit of 14598?
1
What is the ten thousands digit of 195484?
9
What is the ten thousands digit of 18529?
1
What is the units digit of 1413?
3
What is the hundreds digit of 53905?
9
What is the units digit of 322?
2
What is the thousands digit of 1161?
1
What is the units digit of 1442?
2
What is the tens digit of 1704?
0
What is the units digit of 217?
7
What is the tens digit of 5688?
8
What is the hundreds digit of 874?
8
What is the tens digit of 80051?
5
What is the ten thousands digit of 88494?
8
What is the units digit of 1231?
1
What is the ten thousands digit of 23745?
2
What is the hundreds digit of 3516?
5
What is the hundreds digit of 3798?
7
What is the units digit of 39420?
0
What is the units digit of 2474?
4
What is the units digit of 425?
5
What is the hundreds digit of 1388?
3
What is the thousands digit of 1357?
1
What is the hundreds digit of 2620?
6
What is the units digit of 789?
9
What is the tens digit of 50868?
6
What is the hundreds digit of 268?
2
What is the hundreds digit of 654?
6
What is the units digit of 222?
2
What is the thousands digit of 1219?
1
What is the tens digit of 266?
6
What is the thousands digit of 4353?
4
What is the units digit of 18350?
0
What is the tens digit of 3533?
3
What is the tens digit of 8102?
0
What is the tens digit of 1627?
2
What is the thousands digit of 2609?
2
What is the units digit of 630?
0
What is the thousands digit of 5864?
5
What is the tens digit of 145?
4
What is the ten thousands digit of 19658?
1
What is the thousands digit of 3773?
3
What is the hundreds digit of 1816?
8
What is the units digit of 6087?
7
What is the units digit of 691?
1
What is the hundreds digit of 77328?
3
What is the hundreds digit of 12496?
4
What is the tens digit of 11543?
4
What is the units digit of 5805?
5
What is the units digit of 14824?
4
What is the tens digit of 6427?
2
What is the thousands digit of 161359?
1
What is the tens digit of 2545?
4
What is the units digit of 2583?
3
What is the tens digit of 14594?
9
What is the hundreds digit of 77463?
4
What is the tens digit of 2164?
6
What is the hundreds digit of 858?
8
What is the units digit of 3313?
3
What is the thousands digit of 14380?
4
What is the ten thousands digit of 24591?
2
What is the tens digit of 8592?
9
What is the thousands digit of 2448?
2
What is the units digit of 9102?
2
What is the hundreds digit of 537?
5
What is the thousands digit of 138356?
8
What is the tens digit of 18740?
4
What is the units digit of 796?
6
What is the tens digit of 7203?
0
What is the hundreds digit of 154403?
4
What is the thousands digit of 101165?
1
What is the tens digit of 1044?
4
What is the hundreds digit of 40896?
8
What is the hundreds digit of 15054?
0
What is the tens digit of 1291?
9
What is the tens digit of 2311?
1
What is the tens digit of 6210?
1
What is the hundreds digit of 4278?
2
What is the thousands digit of 12543?
2
What is the hundreds digit of 8005?
0
What is the thousands digit of 1508?
1
What is the thousands digit of 88902?
8
What is the hundreds digit of 848?
8
What is the tens digit of 530?
3
What is the thousands digit of 5829?
5
What is the hundreds digit of 4347?
3
What is the hundreds digit of 43838?
8
What is the tens digit of 3696?
9
What is the hundreds digit of 3891?
8
What is the units digit of 10561?
1
What is the thousands digit of 8820?
8
What is the hundreds digit of 472?
4
What is the tens digit of 45384?
8
What is the units digit of 92294?
4
What is the tens digit of 1189?
8
What is the tens digit of 2061?
6
What is the tens digit of 82112?
1
What is the ten thousands digit of 41279?
4
What is the hundreds digit of 297?
2
What is the ten thousands digit of 13872?
1
What is the tens digit of 652?
5
What is the tens digit of 1359?
5
What is the hundreds digit of 2818?
8
What is the hundreds digit of 7128?
1
What is the units digit of 812?
2
What is the tens digit of 3218?
1
What is the ten thousands digit of 46704?
4
What is the tens digit of 26775?
7
What is the hundreds digit of 2627?
6
What is the tens digit of 1367?
6
What is the ten thousands digit of 49517?
4
What is the tens digit of 467?
6
What is the tens digit of 986?
8
What is the tens digit of 23992?
9
What is the thousands digit of 7045?
7
What is the units digit of 5710?
0
What is the thousands digit of 2986?
2
What is the ten thousands digit of 75357?
7
What is the tens digit of 2859?
5
What is the units digit of 272?
2
What is the tens digit of 8670?
7
What is the hundreds digit of 8097?
0
What is the tens digit of 1453?
5
What is the ten thousands digit of 19436?
1
What is the units digit of 167?
7
What is the thousands digit of 1008?
1
What is the tens digit of 13540?
4
What is the tens digit of 1361?
6
What is the units digit of 8060?
0
What is the hundreds digit of 1725?
7
What is the tens digit of 11091?
9
What is the units digit of 369?
9
What is the tens digit of 4864?
6
What is the hundreds digit of 27116?
1
What is the units digit of 1379?
9
What is the units digit of 17324?
4
What i